{"id":4843,"date":"2023-10-19T05:56:28","date_gmt":"2023-10-19T05:56:28","guid":{"rendered":"https:\/\/blog.vera.es\/cultura\/?page_id=4843"},"modified":"2024-10-03T05:12:04","modified_gmt":"2024-10-03T05:12:04","slug":"bienvenidos-al-blog-de-cultura","status":"publish","type":"page","link":"https:\/\/blog.vera.es\/cultura\/","title":{"rendered":"BIENVENIDA"},"content":{"rendered":"<p>Queridos conciudadanos:<\/p>\n<p>Me complace anunciarles que desde la Concejal\u00eda de Cultura de este Excmo. Ayuntamiento, a fin de dar a conocer todo el trabajo relacionado con esta \u00e1rea, es mi prop\u00f3sito abrir a los vecinos de este municipio de Vera y a todos aquellos que tengan inquietudes por conocer nuestro rico y variopinto patrimonio cultural, la\u00a0 realizaci\u00f3n de este blog.<\/p>\n<p>Uno de los objetivos primordiales es poder mostrar con art\u00edculos de opini\u00f3n y publicaciones nuestro legado cultural,\u00a0 as\u00ed como crear un canal de comunicaci\u00f3n con todos los vecinos para dar a conocer todas las actividades realizadas y pr\u00f3ximas por desarrollar.<\/p>\n<p>Ser\u00eda un avance que contribuyeran con sus opiniones, reflexiones y aportaciones el difundir y expandir nuestra riqueza cultural, de manera que pudi\u00e9ramos conocer mejor nuestra ciudad: su historia,\u00a0 geograf\u00eda,\u00a0 sociedad, econom\u00eda, riqueza patrimonial, que no es poca, su turismo y un largo etc\u00e9tera.<\/p>\n<p>Hoy, gracias a Internet, el conocimiento y la comunicaci\u00f3n es algo m\u00e1s cercano a nosotros. Por ello, con entusiasmo, ganas e ilusi\u00f3n, todos\u00a0 podemos hacer una Vera m\u00e1s culta y pr\u00f3spera y, por supuesto, ahondar en el conocimiento de nuestro bienestar cultural.<\/p>\n<p>A la espera de su cooperaci\u00f3n y acercamiento a esta Concejal\u00eda de Cultura, reciban los lectores un cordial y afectuoso saludo.<\/p>\n<p>M\u00aa Manuela Caparr\u00f3s Flores,\u00a0 Concejal de Cultura del Excmo Ayto. Vera<\/p>\n<p>WELCOME TO THE VERA CULTURE BLOG<\/p>\n<p>I am pleased to announce that from the Department of Culture of this Hon. City Council, in order to publicize all the work related to this area, it is my purpose to open the creation of this blog to the residents of this municipality of Vera and to all those who have concerns about knowing our rich and varied cultural heritage.<\/p>\n<p>One of the primary objectives is to be able to show our cultural legacy with opinion articles and publications, as well as create a communication channel with all neighbors to publicize all the activities carried out and upcoming activities to be developed.<\/p>\n<p>It would be an advance if you contributed with yours opinions, thoughts and contributions to disseminate and expand our cultural wealth, so that we could better know our city: its history, geography, society, economy, heritage wealth, which is not small, its tourism and a long etcetera.<\/p>\n<p>Today, thanks to the Internet, knowledge and communication is something closer to us. Therefore, with enthusiasm, desire and hope, we can all make Vera more cultured and prosperous and, of course, deepen the knowledge of our cultural well-being.<\/p>\n<p>While waiting for your cooperation and approach to this Department of Culture, readers receive a cordial and affectionate greeting.<\/p>\n<p>Ma Manuela Caparr\u00f3s Flores, Councilor for Culture of the City Council of Vera<\/p>\n\n\n<h2 class=\"wp-block-heading\">\u00daltimas entradas<\/h2>\n\n\n<ul class=\"wp-block-latest-posts__list wp-block-latest-posts\"><li><a class=\"wp-block-latest-posts__post-title\" href=\"https:\/\/blog.vera.es\/cultura\/2025\/09\/15\/feria-de-vera-la-conmemoracion-de-una-victoria\/\">FERIA DE VERA. LA CONMEMORACI\u00d3N DE UNA VICTORIA<\/a><\/li>\n<li><a class=\"wp-block-latest-posts__post-title\" href=\"https:\/\/blog.vera.es\/cultura\/2025\/07\/17\/catastro-de-ensenada-de-vera-exposicion\/\">CATASTRO DE ENSENADA DE VERA. EXPOSICI\u00d3N<\/a><\/li>\n<li><a class=\"wp-block-latest-posts__post-title\" href=\"https:\/\/blog.vera.es\/cultura\/2025\/06\/25\/el-reloj-de-la-torre\/\">EL RELOJ DE LA TORRE<\/a><\/li>\n<li><a class=\"wp-block-latest-posts__post-title\" href=\"https:\/\/blog.vera.es\/cultura\/2025\/06\/09\/diez-de-junio-devocion-veratense\/\">DIEZ DE JUNIO: DEVOCI\u00d3N VERATENSE<\/a><\/li>\n<li><a class=\"wp-block-latest-posts__post-title\" href=\"https:\/\/blog.vera.es\/cultura\/2025\/05\/20\/xii-edicion-de-moros-y-cristianos-de-vera\/\">XII EDICI\u00d3N DE MOROS Y CRISTIANOS DE VERA. SEMANA CULTURAL. LA RUTA DE M\u00dcNZER<\/a><\/li>\n<\/ul>","protected":false},"excerpt":{"rendered":"<p>Queridos conciudadanos: Me complace anunciarles que desde la Concejal\u00eda de Cultura de este Excmo. Ayuntamiento, a fin de dar a conocer todo el trabajo relacionado con esta \u00e1rea, es mi prop\u00f3sito abrir a los vecinos de este municipio de Vera y a todos aquellos que tengan inquietudes por conocer nuestro rico y variopinto patrimonio cultural, &hellip; <a href=\"https:\/\/blog.vera.es\/cultura\/\" class=\"more-link\">Seguir leyendo <span class=\"screen-reader-text\">BIENVENIDA<\/span> <span class=\"meta-nav\">&rarr;<\/span><\/a><\/p>\n","protected":false},"author":1,"featured_media":0,"parent":0,"menu_order":0,"comment_status":"closed","ping_status":"closed","template":"","meta":{"footnotes":""},"class_list":["post-4843","page","type-page","status-publish","hentry"],"_links":{"self":[{"href":"https:\/\/blog.vera.es\/cultura\/wp-json\/wp\/v2\/pages\/4843","targetHints":{"allow":["GET"]}}],"collection":[{"href":"https:\/\/blog.vera.es\/cultura\/wp-json\/wp\/v2\/pages"}],"about":[{"href":"https:\/\/blog.vera.es\/cultura\/wp-json\/wp\/v2\/types\/page"}],"author":[{"embeddable":true,"href":"https:\/\/blog.vera.es\/cultura\/wp-json\/wp\/v2\/users\/1"}],"replies":[{"embeddable":true,"href":"https:\/\/blog.vera.es\/cultura\/wp-json\/wp\/v2\/comments?post=4843"}],"version-history":[{"count":5,"href":"https:\/\/blog.vera.es\/cultura\/wp-json\/wp\/v2\/pages\/4843\/revisions"}],"predecessor-version":[{"id":5275,"href":"https:\/\/blog.vera.es\/cultura\/wp-json\/wp\/v2\/pages\/4843\/revisions\/5275"}],"wp:attachment":[{"href":"https:\/\/blog.vera.es\/cultura\/wp-json\/wp\/v2\/media?parent=4843"}],"curies":[{"name":"wp","href":"https:\/\/api.w.org\/{rel}","templated":true}]}}

<p>Queridos conciudadanos:</p>
<p>Me complace anunciarles que desde la Concejalía de Cultura de este Excmo. Ayuntamiento, a fin de dar a conocer todo el trabajo relacionado con esta área, es mi propósito abrir a los vecinos de este municipio de Vera y a todos aquellos que tengan inquietudes por conocer nuestro rico y variopinto patrimonio cultural, la  realización de este blog.</p>
<p>Uno de los objetivos primordiales es poder mostrar con artículos de opinión y publicaciones nuestro legado cultural,  así como crear un canal de comunicación con todos los vecinos para dar a conocer todas las actividades realizadas y próximas por desarrollar.</p>
<p>Sería un avance que contribuyeran con sus opiniones, reflexiones y aportaciones el difundir y expandir nuestra riqueza cultural, de manera que pudiéramos conocer mejor nuestra ciudad: su historia,  geografía,  sociedad, economía, riqueza patrimonial, que no es poca, su turismo y un largo etcétera.</p>
<p>Hoy, gracias a Internet, el conocimiento y la comunicación es algo más cercano a nosotros. Por ello, con entusiasmo, ganas e ilusión, todos  podemos hacer una Vera más culta y próspera y, por supuesto, ahondar en el conocimiento de nuestro bienestar cultural.</p>
<p>A la espera de su cooperación y acercamiento a esta Concejalía de Cultura, reciban los lectores un cordial y afectuoso saludo.</p>
<p>Mª Manuela Caparrós Flores,  Concejal de Cultura del Excmo Ayto. Vera</p>
<p>WELCOME TO THE VERA CULTURE BLOG</p>
<p>I am pleased to announce that from the Department of Culture of this Hon. City Council, in order to publicize all the work related to this area, it is my purpose to open the creation of this blog to the residents of this municipality of Vera and to all those who have concerns about knowing our rich and varied cultural heritage.</p>
<p>One of the primary objectives is to be able to show our cultural legacy with opinion articles and publications, as well as create a communication channel with all neighbors to publicize all the activities carried out and upcoming activities to be developed.</p>
<p>It would be an advance if you contributed with yours opinions, thoughts and contributions to disseminate and expand our cultural wealth, so that we could better know our city: its history, geography, society, economy, heritage wealth, which is not small, its tourism and a long etcetera.</p>
<p>Today, thanks to the Internet, knowledge and communication is something closer to us. Therefore, with enthusiasm, desire and hope, we can all make Vera more cultured and prosperous and, of course, deepen the knowledge of our cultural well-being.</p>
<p>While waiting for your cooperation and approach to this Department of Culture, readers receive a cordial and affectionate greeting.</p>
<p>Ma Manuela Caparrós Flores, Councilor for Culture of the City Council of Vera</p>


<h2 class="wp-block-heading">Últimas entradas</h2>


<ul class="wp-block-latest-posts__list wp-block-latest-posts"><li><a class="wp-block-latest-posts__post-title" href="https://blog.vera.es/cultura/2025/09/15/feria-de-vera-la-conmemoracion-de-una-victoria/">FERIA DE VERA. LA CONMEMORACIÓN DE UNA VICTORIA</a></li>
<li><a class="wp-block-latest-posts__post-title" href="https://blog.vera.es/cultura/2025/07/17/catastro-de-ensenada-de-vera-exposicion/">CATASTRO DE ENSENADA DE VERA. EXPOSICIÓN</a></li>
<li><a class="wp-block-latest-posts__post-title" href="https://blog.vera.es/cultura/2025/06/25/el-reloj-de-la-torre/">EL RELOJ DE LA TORRE</a></li>
<li><a class="wp-block-latest-posts__post-title" href="https://blog.vera.es/cultura/2025/06/09/diez-de-junio-devocion-veratense/">DIEZ DE JUNIO: DEVOCIÓN VERATENSE</a></li>
<li><a class="wp-block-latest-posts__post-title" href="https://blog.vera.es/cultura/2025/05/20/xii-edicion-de-moros-y-cristianos-de-vera/">XII EDICIÓN DE MOROS Y CRISTIANOS DE VERA. SEMANA CULTURAL. LA RUTA DE MÜNZER</a></li>
</ul>

<p>Queridos conciudadanos: Me complace anunciarles que desde la Concejalía de Cultura de este Excmo. Ayuntamiento, a fin de dar a conocer todo el trabajo relacionado con esta área, es mi propósito abrir a los vecinos de este municipio de Vera y a todos aquellos que tengan inquietudes por conocer nuestro rico y variopinto patrimonio cultural, &hellip; <a href="https://blog.vera.es/cultura/" class="more-link">Seguir leyendo <span class="screen-reader-text">BIENVENIDA</span> <span class="meta-nav">&rarr;</span></a></p>
